5. Let g be p(-3). Suppose -5*v - 792 = -g*v. Calculate the highest common divisor of 36 and v.
36
Let j(a) = -a**2 - a - 2. Let n(r) = -2*r**2 + 36*r + 21. Let s(z) = -j(z) + n(z). Let x be s(31). Calculate the highest common factor of x and 19.
19
Let j be (120/90)/((-4)/(-9)). Suppose 6 = -j*w - 3, -f = -3*w - 113. Calculate the highest common factor of f and 8.
8
Let d = -57 - -64. Suppose -2*r = 2*u - 364, d*u - 5*u = 4*r - 758. What is the highest common factor of 102 and r?
17
Let y = -19720 - -19736. Calculate the greatest common factor of 984 and y.
8
Let c = 47 + -95. Let k be (8/(-6))/(4/c). Let q = -30900 + 30972. Calculate the highest common divisor of q and k.
8
Let c = 8435 + -6965. What is the highest common factor of c and 120?
30
Let f be (-1*(0 - -1))/(-1). Let b be f/6 + (-23)/(-6). Suppose 0 = -u - u - b*v + 36, 35 = 5*u - v. Calculate the highest common divisor of 24 and u.
8
Let j = -85 + 132. Suppose 0 = -h - 3*h. Suppose h = 10*m - 127 + j. Calculate the highest common factor of m and 8.
8
Let d(s) = 2*s**3 + 235*s**2 - 103*s + 1866. Let k be d(-118). What is the highest common divisor of k and 10704?
48
Let z(b) = b + 3. Let j be (-6)/(0 + 3 - 5)*3. Let s be z(j). What is the highest common divisor of s and 44?
4
Let i(s) = 3*s**2 - 13*s - 75. Let u be i(8). Calculate the highest common factor of u and 4589.
13
Let l(j) = -j**2 - 14*j - 1. Let s(b) = -4*b - 7. Let x be s(-3). Suppose 0 = x*u + 57 + 3. Let y be l(u). What is the highest common factor of y and 46?
23
Suppose 24*w + 7*w - 24087 = 0. Calculate the highest common factor of 273 and w.
21
Let q(o) be the third derivative of o**4/4 - 16*o**3/3 + o**2 - 1. Let d be q(6). Calculate the highest common factor of d and 44.
4
Let l(r) = 4*r**2 + 2*r + 7. Let a be l(-10). Let n = -4207 - -4216. What is the greatest common factor of n and a?
9
Let c be (-9)/6*(-1056)/(-36). Let v be (-310)/(-8) + 1 - (-33)/c. Let l(t) = 16*t**2 + 1. Let b be l(2). What is the highest common factor of v and b?
13
Let d be (-7)/(112/(-128)) + 4395. What is the highest common divisor of 37 and d?
37
Let d be (3 - (-36)/(-10))/(3/(-60)). Let k be 2*15/2*28/d. Suppose 4*w = y - 58, 0 = y - 0*y + w - 73. What is the highest common factor of y and k?
35
Suppose -224*d = 75*d - 41860. Calculate the greatest common divisor of 1568 and d.
28
Suppose -45*n = 69*n + 25*n - 139. Calculate the greatest common divisor of n and 33.
1
Let n(l) = l**2 + 22*l + 169. Let r be (-1112)/48 - (-4)/24. Let u be n(r). Calculate the highest common divisor of u and 120.
24
Let u be 11 + -1 + (4900 - 34). What is the highest common divisor of 23 and u?
23
Suppose 9*l - 54 = -0*l. Suppose -l*i + 150 + 312 = 0. What is the greatest common factor of i and 770?
77
Let i be (3 - (-100)/(-30)) + (-44936)/(-24). What is the greatest common divisor of i and 252?
36
Let t be -5 - -5 - 5 - 5. Let v be ((-18)/30*51)/(3/t). Calculate the greatest common factor of 34 and v.
34
Let z be ((-12)/(-9))/((-2)/(-18)). Let w = 12553 + -12550. Calculate the highest common factor of w and z.
3
Let q = 171 - 155. Let o(f) = -f**2 + 20*f + 21. Let i be o(q). What is the highest common factor of 5 and i?
5
Suppose -2*s + 365 = 3*f - 0*f, s - 186 = -5*f. Suppose -3*q + 0*k + 135 = -k, -s = -4*q + k. What is the greatest common factor of 2 and q?
2
Suppose 4*v + 40 = -14*o + 18*o, v - 50 = -4*o. Calculate the highest common factor of o and 10644.
12
Let v = -213 + 255. Let r(q) = 5*q**2 + 2*q + 2. Let j be r(-2). What is the highest common divisor of v and j?
6
Suppose 790509 = -14*g + 87*g - 207182. Calculate the greatest common divisor of 79 and g.
79
Let f be 21/2*(-20)/30*-26. What is the greatest common divisor of 1417 and f?
13
Let k be -1*5/(-10)*6 - -277. Suppose 0 = -4*z - 10*z + k. What is the highest common factor of z and 8?
4
Let f = -167 - -257. Let d(m) = 2*m**2 + 27*m + 17. Let o be d(-14). Let w be 12/2*(-40)/(-48) + o. Calculate the greatest common factor of f and w.
18
Let i = -2 + 8. Let f(k) = -26*k**2 + 66*k**2 - 41*k**2 + 8*k + 4 + 3. Let d be f(i). What is the highest common divisor of 209 and d?
19
Suppose -29*g + 27*g + 574 = 0. Let u = g + -266. Calculate the greatest common divisor of 49 and u.
7
Let d be 195*((-472)/10)/((-2)/1). What is the highest common factor of d and 78?
78
Let k = 1399 + 563. Let c = k + -1390. Suppose -6*q + 8*q - c = 0. Calculate the greatest common factor of 26 and q.
26
Suppose -77*a = -15*a - 148*a + 3010. Let f = -22 + 57. Calculate the greatest common divisor of a and f.
35
Let w(q) = 4 - 56*q + 0 + 8. Suppose 3*h - 18 = 12*h. Let r be w(h). What is the highest common factor of 31 and r?
31
Let j(p) = 262*p - 1302. Let v be j(5). What is the highest common factor of 66 and v?
2
Suppose 4 = 6*k - 2. Let y = -26 + k. Let q = y - -44. What is the highest common divisor of q and 19?
19
Let j = -34 + 36. Let n(d) = -3*d + 5*d**2 + 2 + d**2 - d - 2*d**2. Let r be n(j). What is the greatest common divisor of 2 and r?
2
Let i = 114 - 37. Suppose 203 = 125*p - 96*p. What is the highest common divisor of p and i?
7
Let x(c) be the second derivative of 0 + 7/6*c**3 + 10*c - 1/6*c**4 - 3/4*c**5 + 6*c**2. Let z be x(-3). Calculate the highest common divisor of z and 42.
42
Let c = 6 - 9. Let q be (2/c - 1)*-3. Suppose 16 = q*l - 9. What is the greatest common factor of l and 5?
5
Let d be ((-35)/(-2))/((-50)/(-120)). Suppose -13*g + d*g - 6525 = 0. Calculate the highest common factor of g and 27.
9
Suppose -28 = -189*d + 182*d. Let g be d + 10 - -6 - -4. Calculate the highest common divisor of 672 and g.
24
Let q = 11 - 20. Let a(u) = -22*u + 11 - 5 + 15*u + 3 + u**2. Let s be a(q). What is the greatest common factor of s and 17?
17
Let k(o) = -25*o - 10. Let v be -38*((-1)/(-2))/(10/(-30)). Let p = v - 64. Let c be k(p). Calculate the greatest common divisor of c and 33.
33
Let u(n) = n**2 - n - 3. Let i(z) = -z**3 + 15*z**2 - 51*z + 57. Let d(r) = -i(r) - 6*u(r). Let o be d(19). Calculate the greatest common factor of o and 46.
46
Let a be 7/(21/50)*270/180. Calculate the greatest common divisor of 2150 and a.
25
Suppose -2*x - v = -4*v - 13, -4*x + 3*v + 11 = 0. Let b be (-5)/x*(-34)/(-17). What is the greatest common factor of 700 and b?
10
Suppose 5*u - 1 = -26, 0 = y - u - 91. Suppose w + f = y, -77*f = 3*w - 80*f - 276. Calculate the greatest common divisor of 801 and w.
89
Suppose -4*h = a - 20086, 0 = 324*a - 322*a + 4. What is the greatest common factor of h and 18?
18
Suppose 4*i = i + 69. Let c be (2/(-6))/(-1*(-4)/(-1380)). Calculate the greatest common divisor of c and i.
23
Let b(y) be the first derivative of y**3 - 2*y**2 - 5*y + 14. Let t be b(-3). Calculate the highest common factor of 119 and t.
17
Suppose -11*n + 399 + 29 = -56. Calculate the greatest common divisor of 3212 and n.
44
Let m = 42588 - 42316. Calculate the greatest common divisor of 24 and m.
8
Let r(t) be the first derivative of t**4/4 + 16*t**3/3 + 30*t**2 + 2*t - 238. Let y be r(-6). Calculate the highest common divisor of y and 47.
1
Let k = 556 + -553. Suppose 2*r = -4*m + 46, -73*m + 68*m + 65 = k*r. Calculate the greatest common divisor of r and 35.
5
Let r = -5611 + 5897. Calculate the highest common factor of r and 520.
26
Suppose -585 = -8*f + 1455. Suppose 8*n - 9*n + 2 = 0. Suppose -3 = -n*b + b, 2*h = -b + f. What is the greatest common factor of h and 14?
14
Suppose 363*b = 359*b + 132. Let c be -6*4/6 + -1. Let x be ((-88)/10)/(2/c). What is the highest common factor of x and b?
11
Let t(a) be the third derivative of -a**4/8 + 37*a**3/6 - 8*a**2. Let i be t(10). Let o be (-3)/(-1)*3*5/45. Calculate the greatest common factor of i and o.
1
Suppose -1099 = -11*v - 813. Calculate the highest common factor of v and 8086.
26
Let l(h) = 487*h - 53419. Let i be l(111). Suppose 88 = 4*m - 88. What is the highest common divisor of i and m?
22
Let b = 119 - 81. Let j(l) = -16*l - 22. Let q be j(2). Let w = q + 92. Calculate the highest common factor of w and b.
38
Suppose -35600 = 287*c - 303*c. What is the highest common divisor of c and 178?
89
Let x be ((-6)/(-4))/(9/864). Let c = -126 + x. Calculate the highest common divisor of 2 and c.
2
Let d be (-10)/15*-6 - (-97 + 1). Suppose 3*g - 50 = d. C